{"id":75,"date":"2014-12-06T16:46:00","date_gmt":"2014-12-06T16:46:00","guid":{"rendered":"http:\/\/www.association-aldo.fr\/?page_id=75"},"modified":"2014-12-06T16:46:00","modified_gmt":"2014-12-06T16:46:00","slug":"on-ecrit-pour-eux","status":"publish","type":"page","link":"https:\/\/www.association-aldo.fr\/?page_id=75","title":{"rendered":"On \u00e9crit pour eux&#8230;"},"content":{"rendered":"<p class=\"style_double\"><strong>H.P.<\/strong><\/p>\n<p class=\"style_double\">H\u00f4tel Particulier<\/p>\n<p class=\"style_double\">\n<p class=\"style_double\">Le soleil se l\u00e8ve sur ton h\u00f4tel si particulier,<br \/>\nDes cris et des appels te sortent de tes r\u00eaves.<br \/>\nTant de personnes, chaque jour, partent travailler,<br \/>\nDu haut de ta tour, tu les regardes, le sourire aux l\u00e8vres.<\/p>\n<p class=\"style_double\">\nUne douce musique traverse tes pens\u00e9es,<br \/>\nTu observes ta collection de visages souriants.<br \/>\nAutour de toi, tout est pr\u00eat pour te rassurer,<br \/>\nQui est-il ce nouveau qui parle la nuit en pleurant?<\/p>\n<p class=\"style_double\">Pourras-tu un jour partir faire un voyage?<br \/>\nUne belle demoiselle \u00e0 ton bras, tu pourras t&rsquo;\u00e9vader<br \/>\nUne voiture de sport et un ch\u00e9quier pour seul bagage,<br \/>\nAu programme, profiter de la vie et de ta libert\u00e9.<\/p>\n<p class=\"style_double\">Pourquoi est-il n\u00e9cessaire d&rsquo;avoir des r\u00eaves normaux?<br \/>\nN&rsquo;est-ce pas enfermant d&rsquo;\u00eatre dans la conformit\u00e9?<br \/>\nQu&rsquo;y a-t-il dans tes pens\u00e9es de si beau?<br \/>\nTon regard brille au-del\u00e0 de tes rires encha\u00een\u00e9s.<\/p>\n<p class=\"style_double\">Tu es celui qui me permet de construire ma vie,<br \/>\nEn profitant pleinement de la chance qui m&rsquo;a \u00e9t\u00e9 donn\u00e9e,<br \/>\nDe porter attention \u00e0 la diff\u00e9rence et lutter contre la connerie,<br \/>\nToi mon fr\u00e8re, simplement, je dois te remercier&#8230;<\/p>\n<p class=\"style_double\">J.C. (anonyme et parent)<\/p>\n","protected":false},"excerpt":{"rendered":"<p>H.P. H\u00f4tel Particulier Le soleil se l\u00e8ve sur ton h\u00f4tel si particulier, Des cris et des appels te sortent de tes r\u00eaves. Tant de personnes, chaque jour, partent travailler, Du haut de ta tour, tu les regardes, le sourire aux l\u00e8vres. Une douce musique traverse tes pens\u00e9es, Tu observes ta collection de visages souriants. Autour <a class=\"read-more\" href=\"https:\/\/www.association-aldo.fr\/?page_id=75\">[&hellip;]<\/a><\/p>\n","protected":false},"author":1,"featured_media":0,"parent":12,"menu_order":0,"comment_status":"open","ping_status":"open","template":"","meta":{"jetpack_post_was_ever_published":false,"footnotes":""},"class_list":["post-75","page","type-page","status-publish","hentry"],"jetpack_sharing_enabled":true,"jetpack_shortlink":"https:\/\/wp.me\/P5wfJU-1d","jetpack-related-posts":[],"_links":{"self":[{"href":"https:\/\/www.association-aldo.fr\/index.php?rest_route=\/wp\/v2\/pages\/75","targetHints":{"allow":["GET"]}}],"collection":[{"href":"https:\/\/www.association-aldo.fr\/index.php?rest_route=\/wp\/v2\/pages"}],"about":[{"href":"https:\/\/www.association-aldo.fr\/index.php?rest_route=\/wp\/v2\/types\/page"}],"author":[{"embeddable":true,"href":"https:\/\/www.association-aldo.fr\/index.php?rest_route=\/wp\/v2\/users\/1"}],"replies":[{"embeddable":true,"href":"https:\/\/www.association-aldo.fr\/index.php?rest_route=%2Fwp%2Fv2%2Fcomments&post=75"}],"version-history":[{"count":1,"href":"https:\/\/www.association-aldo.fr\/index.php?rest_route=\/wp\/v2\/pages\/75\/revisions"}],"predecessor-version":[{"id":76,"href":"https:\/\/www.association-aldo.fr\/index.php?rest_route=\/wp\/v2\/pages\/75\/revisions\/76"}],"up":[{"embeddable":true,"href":"https:\/\/www.association-aldo.fr\/index.php?rest_route=\/wp\/v2\/pages\/12"}],"wp:attachment":[{"href":"https:\/\/www.association-aldo.fr\/index.php?rest_route=%2Fwp%2Fv2%2Fmedia&parent=75"}],"curies":[{"name":"wp","href":"https:\/\/api.w.org\/{rel}","templated":true}]}}